at are the prime factors of f?
2, 5
Let w be ((-2)/(-10))/(42/630). Suppose -w*b + m = -981, -4*b + 3*m + 1240 = -73. What are the prime factors of b?
2, 163
What are the prime factors of ((-9)/(-2))/((-24)/(-44752))?
3, 2797
What are the prime factors of ((-1916125)/500)/((-2)/8)?
15329
Suppose -3424 = 8*v - 16*v. Let n = v + -52. What are the prime factors of n?
2, 47
Suppose -7351 = -2*a - 3*a - 2*b, a - 2*b = 1463. What are the prime factors of a?
13, 113
Let h be (2 - (4 - 3))*9/3. Suppose 2*v = -2, -2*v + 210 = r + h*r. What are the prime factors of r?
53
Let h(p) = 4*p - 2*p**3 + 58*p**3 - 8 - 20*p**3 - 4*p**2. List the prime factors of h(2).
2, 17
Suppose 1959 = 4*x + 5*g, -5*x - g + 2160 = -273. List the prime factors of x.
2, 3
List the prime factors of (-9372)/(-4)*400/48.
5, 11, 71
Let k(a) = 33*a**2 + 80*a - 354. List the prime factors of k(5).
13, 67
Let g(l) = l**2 - 4*l + 4. Let w be g(0). Let x be (w/24*-2)/((-1)/9). Suppose n = -5*t + 26 - 2, -x*n = -2*t - 106. List the prime factors of n.
2, 17
Suppose 5*z - v = -5*v + 35, -z + 8 = v. Let s(r) = -32 + 28*r - 15*r + 27. List the prime factors of s(z).
2, 17
Let f(k) = 43*k + 9. Suppose 0 = 3*n + 59 - 62. List the prime factors of f(n).
2, 13
Suppose -32*v + 22*v = -20. Suppose v*w - 44 = 558. List the prime factors of w.
7, 43
What are the prime factors of 1 + 37953 + -2 + 3 + (8 - 14)?
137, 277
Let n = 45025 - 32100. What are the prime factors of n?
5, 11, 47
Suppose 0 = 54*p + 649 + 17981. Let s = 926 + p. What are the prime factors of s?
7, 83
Let k(l) = -1095*l - 4727. What are the prime factors of k(-25)?
2, 19, 149
Suppose -44*q - 15862 = -237974. List the prime factors of q.
2, 631
Suppose -66277 = -40*a + 216523. List the prime factors of a.
2, 5, 7, 101
Suppose 10 + 16 = 13*o. Let k be ((-22)/(-2))/(2/12). Suppose a - k = -o*a. List the prime factors of a.
2, 11
Suppose f = 1 - 5, 2*p + 5*f = 48. Suppose 2*r - r - p = 3*j, 2*r = -j + 82. Suppose -4*d + 5*i + 28 = 0, 4*d - 2*d + 4*i - r = 0. List the prime factors of d.
2, 3
Let p = -1674 - -1679. Let o(c) be the first derivative of 2*c**3/3 - 2*c**2 - 7*c + 1. What are the prime factors of o(p)?
23
Suppose 44766 - 8132 = 4*l - 10002. What are the prime factors of l?
89, 131
Suppose 9*r = -31 + 139. What are the prime factors of (-4516)/(-28) + r/(-42)?
7, 23
Let k(s) = 11*s + 65. Let f be k(-5). Suppose -14*u + 10 = -d - f*u, 2*u - 60 = -5*d. List the prime factors of d.
2, 5
Suppose 2*i - 5*k - 53 = 0, -4*i - k + 16 = -3*i. Suppose -i*t + 16*t + 213 = 0. List the prime factors of t.
71
Suppose -17*d = -18*d. Suppose d = 5*o - 10 - 5. Suppose 7*c - 5*c - 4*m - 220 = 0, 5*c + o*m - 498 = 0. List the prime factors of c.
2, 3, 17
Let j(y) = 2*y + 1. Let f(h) = -1. Let o = 5 + -4. Let a(k) = o*j(k) - 3*f(k). What are the prime factors of a(-1)?
2
Let m be ((-924)/(-9))/(8/252). Let q = m + -2048. What are the prime factors of q?
2, 593
Let d(f) = 4*f - 14. Let t be d(7). Let k be (7/t)/(2/124). Suppose -k*x + 36*x = 45. List the prime factors of x.
3
Suppose 0 = 519*x - 439*x - 82640. List the prime factors of x.
1033
Let r be ((-80)/(-12))/((-3)/(-99)). Suppose -68*k - r = -64*k. What are the prime factors of (-6)/(-9)*-1*3*k?
2, 5, 11
Suppose 101*c - 148*c = -108899. What are the prime factors of c?
7, 331
Let l(b) = -b**3 - 5*b**2 - 8*b - 12. Let f be l(-4). Let m(g) = f*g + 23 + 0*g + 5*g. What are the prime factors of m(11)?
2, 61
Suppose -37*b + 29*b - 112 = 0. Let r(m) = m**2 + 11*m - 31. List the prime factors of r(b).
11
Suppose 2*k - 4*k = 4*k. Suppose k = -q + 3*q + 5*m, -m = q. Suppose q = -8*u + 4*u + 564. List the prime factors of u.
3, 47
Let n(c) be the second derivative of 2*c**3/3 - 25*c**2 - 16*c. Let g be n(15). Suppose -g*s = -4*s - 198. What are the prime factors of s?
3, 11
Let z = 9770 - 6383. Suppose -13*q = -z - 6623. What are the prime factors of q?
2, 5, 7, 11
Suppose 122*m - 1076 - 759472 = 0. List the prime factors of m.
2, 3, 1039
Suppose -5*p - 2*i + 28 = 0, p + 8*i - 4*i - 20 = 0. Suppose -4*k + p*j - 385 = -1757, 2*k - 671 = 5*j. What are the prime factors of k?
2, 3, 29
Let p be 1/(-1 + (-168)/(-164)). Suppose -23 = 2*m + p. Let i = 59 + m. What are the prime factors of i?
3
Suppose 6*s + 3*s - 8893 = 2447. List the prime factors of s.
2, 3, 5, 7
What are the prime factors of (545/2)/((-210)/(-5880))?
2, 5, 7, 109
Let h be (2 + (440/(-3))/(-8))*3. Suppose 67*b - h*b = 5448. List the prime factors of b.
2, 227
Let y be (-48)/15*740/(-4). Suppose 3*h - 4*n - 353 = 0, 5*h = 7*n - 4*n + y. Suppose -4*o - 2*f - f = -h, 4*o - 3*f = 113. What are the prime factors of o?
29
Let k(u) = -45*u + 3. Let j be (60/(-5) - 0) + 3. Let c be 4/10*((j - -1) + -2). List the prime factors of k(c).
3, 61
Let x = -22947 + 39407. What are the prime factors of x?
2, 5, 823
Let h(v) = -30 - 66*v**2 - 14*v + 35*v**2 + 35*v**2. List the prime factors of h(11).
2, 3, 5
Suppose -4049 = -26*b + 13111. Suppose -b = -48*o + 45*o. What are the prime factors of o?
2, 5, 11
Let z = -37 + 39. Suppose -s + z = 2. Suppose t + 0*t + 2*l = 58, s = 2*t - 4*l - 84. What are the prime factors of t?
2, 5
Let p = -6754 + 22398. List the prime factors of p.
2, 3911
Suppose 0 = -35*x + 77994 - 13769. What are the prime factors of x?
5, 367
Let h = -473 - -1365. Let r = h - 320. What are the prime factors of r?
2, 11, 13
Let j(m) = -m - 18. Let i(q) = 3*q + 54. Let w(p) = 4*i(p) + 11*j(p). Suppose -1594*g = -1558*g - 468. What are the prime factors of w(g)?
31
Let x be (6/(-8))/(7/(-2184)). Suppose 242*m = x*m + 2592. What are the prime factors of m?
2, 3
Let w be (0 + -1)/(3/99). Suppose -4*x + 845 = 5*t + 139, -5*x - 322 = -2*t. Let r = w + t. List the prime factors of r.
113
Let d = -108 - -38. Let z be 162/1*(-4 - d/15). List the prime factors of (0 - -2)/(12/z).
2, 3
Let y = -13 - 17. Let i = y + 11. What are the prime factors of -1*(i/2)/((-3)/(-36))?
2, 3, 19
Suppose -283 = 4*u - 12*u + 1885. Suppose 0 = t - 2*t - 4*d - 118, -2*t - 3*d - 226 = 0. Let i = t + u. List the prime factors of i.
7, 23
List the prime factors of (4 + 3/2)*(-944958)/(-149).
3, 7, 11, 151
Let k(l) = 31*l**2 - 9*l + 98. Let d(u) = -57*u**2 + 16*u - 196. Let v(a) = -6*d(a) - 11*k(a). Suppose 4*n = -0*n. List the prime factors of v(n).
2, 7
Let z(p) = 683*p**2 + 24*p + 24. Let l = -34 + 33. List the prime factors of z(l).
683
Let x be 3*(-7)/(63/(-39)). Suppose -x*j + 2510 = -5329. List the prime factors of j.
3, 67
Suppose 0 = -5*r + 583 - 3653. Let u = r + 1154. What are the prime factors of u?
2, 3, 5
Let n(j) = j**3 + 4*j**2 - j + 5. Let x be n(3). Suppose 3*k + 3*i - 60 = -2*k, -x = -5*k - 2*i. Suppose -k*q = -18*q + 333. List the prime factors of q.
3, 37
Let j(p) = 30*p - 63. Let t be (-25)/(-6 - 21/(-6)). List the prime factors of j(t).
3, 79
Suppose -60*c = -42*c. Let g(j) = -j**2 + 2*j + 261. What are the prime factors of g(c)?
3, 29
Let z = -1069 + 2910. Let j = -947 + z. What are the prime factors of j?
2, 3, 149
Let d(x) = -21 + 23 + 78*x + 124 + 50*x - 18*x. List the prime factors of d(9).
2, 3, 31
Let c = -127 + -119. Let a = c + 333. What are the prime factors of a?
3, 29
Let l(p) = 3*p**2 + 64*p - 889. What are the prime factors of l(28)?
3, 5, 7, 31
Let f(z) = -7*z**3 - 10*z**2 + 19*z - 85. Let a be f(5). List the prime factors of 0/1 + a/25*-10.
2, 223
Suppose -14*w - 8 = -50. Suppose 98 = -4*x + 2*j + 602, w*j = 4*x - 506. List the prime factors of x.
5
Let p = -25 - -31. Suppose 12*d - p*d = 2802. List the prime factors of d.
467
Suppose 24*d + 63*d = 53*d + 2701708. List the prime factors of d.
2, 67, 593
Let l = 515 + 3144. List the prime factors of l.
3659
Let h(x) = 7*x - 5. Suppose -4*k + 10 - 2 = 0. Let y be h(k). Let o(q) = 17*q - 48. List the prime factors of o(y).
3, 5, 7
Let p = 15308 - 10653. What are the prime factors of p?
5, 7, 19
Let j(m) be the third derivative of m**6/120 + m**5/6 + 2*m**4/3 + 2*m**3/3 - 2*m**2 - 23*m. What are the prime factors of j(-7)?
3, 13
Let w = -1266 - -1354. What are the prime factors of w?
2, 11
Let a(z) = z**3 + z**2 - z. Let b(j) = -6*j**3 - 17*j**2 - 6*j. Let c(k) = 5*a(k) + b(k). What are the prime factors of c(-13)?
2, 3, 13
Suppose -11 + 7 = -2*m. Suppose -m*s + 5*j = -0*s - 31, 18 